 -3*g + 10*g. Let k(m) = g*a(m) + 6*l(m). Calculate k(6).
-7
Let x(u) be the third derivative of -u**6/30 - u**3/6 - 22*u**2. Suppose -r = q - 6, 0 = -0*r - 2*r - q + 7. Give x(r).
-5
Suppose j + 5 = -r, -2*j - 10 = -4*r - 0. Let i(g) = -g**2 - g + 8. Let o(u) = -u**2 + 9. Let k(l) = j*o(l) + 6*i(l). Let m be -6*11*(-8)/(-88). Calculate k(m).
3
Let c(h) = -h - 10. Let m(u) = -u - 13. Let r(y) = -7*c(y) + 6*m(y). What is r(4)?
-4
Suppose -4*g + 4*s + 4 = -2*g, 3*g = 3*s + 12. Let y(p) be the third derivative of -p**5/60 + p**4/4 + 2*p**3/3 + 245*p**2. Determine y(g).
4
Let r(i) = 4*i - 2*i - 4*i + 13 + 3*i. Calculate r(-14).
-1
Suppose -10*n + 11*n = 17. Suppose -2*h - n + 27 = 0. Let y(r) = -r**3 + 4*r**2 + 7*r - 4. Determine y(h).
6
Let x = 1498 + -1492. Let i(v) = -2*v**2 + 3*v - 7. Determine i(x).
-61
Let m(d) = d**3 + d. Let l(z) = -5*z**3 + 8*z**2 - 4*z + 17. Let b(p) = -l(p) - 6*m(p). What is b(-8)?
-1
Let l(u) = -u**3 - 4*u**2 - 5*u - 4. Let x be ((-2)/6 + 598/(-78))/2. What is l(x)?
16
Let d(s) = -5*s**2 - 7*s + 7. Let a(c) = 6*c**2 + 6*c - 6. Let u(p) = -6*a(p) - 5*d(p). Suppose -8*n + 7*n = -5*b + 10, 2*n + 8 = -2*b. What is u(b)?
-11
Let b be (-46)/(-14) - 10/35. Let n(s) = -b - 8*s + 0 - 4 + 7*s. Determine n(-5).
-2
Let j(x) = x**2 - 5*x - 5. Let g be j(6). Let o be (2 + g + 1)*-1. Let m(y) = -y**2 - 4*y + 10 + 2*y - 3 - 9. Determine m(o).
-10
Let x(b) = -5*b - 1. Let u be 3 - ((-6)/2 + (-9 - -14)). Determine x(u).
-6
Let w(a) = -a**3 - 2*a**2 + a - 3. Let v = -13 - -10. Let d be (-7)/(-21) - 2/v. Let h be 5/(-10)*6/d. Calculate w(h).
3
Let y(f) = -2*f. Suppose 0 = -18*s + 38*s - 220. Give y(s).
-22
Let u(v) = 28*v**2 - 8*v - 11. Let i(b) = -9*b**2 + 3*b + 4. Suppose -15 = -13*c + 8*c. Let x(s) = c*u(s) + 8*i(s). Calculate x(-1).
11
Let y = -1590 + 1596. Let j(u) = u**2 - 10*u + 19. Determine j(y).
-5
Let d be 2*(-4)/8*0. Suppose 4*x + 18 = -5*j, 2*j = -2*x - d*x - 8. Let s(o) = -7*o - 1. Give s(x).
13
Suppose -d - 2*x - 2 = 0, -5*d - 2*x - 5 = 3*x. Let c(a) be the second derivative of 10*a - 11/2*a**2 - 1/12*a**4 - 1/6*a**3 + 0. What is c(d)?
-11
Let n(u) = -12*u**3 + 53*u**3 - 18*u**3 - 13*u**3 + 3*u - 28 - 11*u**3 - 6*u**2. Determine n(-7).
0
Let v(z) = 4*z - 6*z**2 + 0*z**2 - 450*z**3 + 5 + 449*z**3. What is v(-6)?
-19
Let q(o) = -o**3 - 89 + 10*o - 7*o + 151 - 4*o**2 - 74. Give q(-5).
-2
Let o(q) = 5*q - 1. Let w(j) = 32*j - 6. Let r = -89 + 83. Let n(k) = r*w(k) + 39*o(k). Suppose -5*m + 10 = -0. What is n(m)?
3
Let r(o) = -o**2 - 17*o - 10. Let i(z) = z**2 + 11*z + 8. Let x(s) = -7*i(s) - 5*r(s). Suppose -2*n = -n - 2*f - 5, 2*f = 0. Determine x(n).
-16
Let h(k) = -k**2 + 2*k - 2. Let w = 6 - 2. Let r(p) = 6*p + 20. Let g be r(-3). Suppose 4*t = -w*n + 36, -24 = g*t - 5*n - 7. Determine h(t).
-10
Let u(m) = 5*m - 5. Let s(i) = 6*i - 5. Let o(q) = -6*s(q) + 7*u(q). Give o(-8).
3
Suppose 0 = 5*a + 2*n - 25, 9*a + n = 4*a + 20. Suppose 0*u + u - a*u = 0. Let v(y) = -y + 3. Give v(u).
3
Let d = -25 - -31. Let g(k) be the second derivative of 6*k - k**3 + 1/12*k**4 + k**2 + 0. Determine g(d).
2
Let s(m) be the third derivative of m**6/120 - m**5/60 + m**4/12 - m**3/6 + 53*m**2 - 1. What is s(2)?
7
Suppose 22*u - 10 = 20*u. Let c(b) be the second derivative of 1/6*b**3 + 0 - 3/2*b**2 + 1/12*b**4 - 7*b - 1/20*b**u. Determine c(0).
-3
Let j be 3 + 0*(-2)/(-8). Suppose -2*a + j = a. Let w(g) = -a - 3*g**3 + 4*g - 6*g**2 + 11*g**2 + 4*g**3. Determine w(-3).
5
Let r(f) = 3*f**3 + 8*f**2 - f. Let x(p) = -8*p**3 - 23*p**2 + 3*p - 1. Let s(i) = 11*r(i) + 4*x(i). Calculate s(3).
-10
Let b be 15/(-9)*(-81)/(-45). Let n(d) = d**3 - d**2 - 2*d - 3. What is n(b)?
-33
Let j(m) = -5*m + 3. Let s(x) = 9*x - 3. Let r(q) = -4*j(q) - 3*s(q). Give r(-4).
25
Let f be 4 + ((-28)/(-7) - 7). Let d(s) = 2*s - 1. Calculate d(f).
1
Let c(k) = -9*k**2 + 24*k + 21. Let r(x) = 5*x**2 - 12*x - 11. Let w(g) = -6*c(g) - 11*r(g). Determine w(-9).
22
Let r(n) = 11*n**3 + 19*n**2 + 13*n + 28. Let k(s) = 7*s**3 + 13*s**2 + 9*s + 19. Let z(p) = 8*k(p) - 5*r(p). Suppose -30*x = -22*x + 64. Calculate z(x).
20
Let r be (-3 - -2) + (4 - -1). Let w(p) be the third derivative of -2*p**2 + 0 + 0*p - 1/4*p**4 + 1/120*p**6 + 1/3*p**3 - 1/30*p**5. Calculate w(r).
10
Let x(i) = -34*i - 58. Let y(l) = 19*l + 28. Let w(o) = -3*x(o) - 5*y(o). Give w(-5).
-1
Let a(g) = -g**2 - 7*g - 4. Let x(t) = -t**2 - 8*t - 6. Let j(m) = 2*a(m) - 3*x(m). What is j(-5)?
-15
Let i(u) = -u**2 - 9*u + 9. Let o = -114 + 137. Suppose -15*w + 13*w = -g + o, -2*g + 10 = 0. Calculate i(w).
9
Let b be 24/16*80/6. Let v = b + -19. Let l(r) = r**3 - r**2 + r - 1. What is l(v)?
0
Let p = -29 - -53. Let d = -5 - -19. Suppose 5*f = p - d. Let n(x) = x + 2. Determine n(f).
4
Let y(d) be the first derivative of -d**5/10 - d**4/12 - d**3/6 + d**2/2 + 7. Let t(b) be the second derivative of y(b). What is t(-1)?
-5
Suppose 0 = 5*h - 5 + 30. Let f = h + 7. Let q(y) = -f + 0 - y**3 + 2*y**3 - y. What is q(2)?
4
Let r = -18 - -24. Suppose -k - 5 = -r*k. Let w = k - 6. Let s(i) = i**2 + 2*i - 4. What is s(w)?
11
Let n(m) = -5*m + 562 - 283 - m**2 - 283. Suppose -3*v - 10 = -5*v, 3*g + v = -10. Calculate n(g).
-4
Let q(b) = b**2 - 4*b + 1. Let k = -16 - -18. Let p be k/((-2)/(-12)*3). Calculate q(p).
1
Let p(s) = 7*s + 1. Let y be (20/12)/(1/3). Suppose x - 3*k - k - 5 = 0, -4*x - y*k - 22 = 0. Calculate p(x).
-20
Let o = -1 + 16. Let l(u) = -u + 9. Let g be l(o). Let c(t) = t**2 + 6*t - 5. Calculate c(g).
-5
Suppose r - 5*z = -3*z + 3, 0 = 4*r + 4*z - 24. Let h(p) = -4*p + 3. Give h(r).
-17
Let x(i) = -i**3 - 10*i**2 - 10*i - 3. Let b be x(-9). Let w(h) = 167 - 167 - b*h. Let m(n) = n**2 - 1. Let u(t) = m(t) - w(t). Calculate u(-5).
-6
Suppose -2*p - 2*m - 2 = 0, p + 3*m = -3*p - 1. Let j(l) = 5*l**3 + 74*l**2 - 4*l**3 - 71*l**2 + 3 + l - 3*l. Give j(p).
19
Let d(a) = -2*a - 2. Let q be (4/(-35) + (-2)/7)*-5. Let y be (q/10)/(11/165). Give d(y).
-8
Let j(h) = 5*h + 20. Let z(m) = 2*m + 7. Let b(q) = -3*j(q) + 7*z(q). Give b(-7).
-4
Suppose -2*n - 2 = -0, 2*r = 2*n - 50. Let s = 28 + r. Let f(v) = v**3 - 3*v + 2*v**2 + 46 - 5*v**s - 50. Give f(4).
0
Let f be -3 + (2 - (1 + -2)). Let k(t) = t + 5. Let j be k(-4). Let i(u) = u**3 + 2 + j + 2*u - u + 0 + u**2. Give i(f).
3
Let z(p) = p**3 - 6*p**2 - 2*p - 12. Let i(r) = -r + 2. Let j(k) = 4*i(k) + z(k). Suppose 5 = 4*m - 23. Calculate j(m).
3
Let s(o) = 219 + o**3 + 5*o**2 - 432 + 221 + 4*o. What is s(-5)?
-12
Suppose 2*b = -3*j + 4, -b + j = b - 20. Let w(n) = -3*n + b*n - 26 + 26. Calculate w(3).
15
Let t(y) be the third derivative of -1/8*y**4 + 0*y + 1/30*y**5 + 1/2*y**3 + 0 - 8*y**2. Calculate t(2).
5
Let d(n) = n + 6. Suppose k = 3*k - 2. Let g = k - -1. Let o be 2/(16/(-7) + g). Determine d(o).
-1
Suppose 0 = d + o - 7, 5*o - 5 = 9*d - 8*d. Let l(m) be the second derivative of -1/3*m**4 - 5/6*m**3 - 1/20*m**d + 0 + m - 5/2*m**2. Give l(-4).
15
Suppose -2*j = 5*k - 23, -k + 5*k = -4*j + 28. Let w(h) be the second derivative of h**4/12 - 2*h**3/3 + h**2 + 345*h - 3. What is w(j)?
2
Suppose 136*v - 6 = 138*v. Let y(a) = 4*a + 3. Determine y(v).
-9
Let g be 0/1 + 16 - 2. Suppose 2*y + 5*w - g = 0, 2*w + 14 = 2*y + 4*w. Suppose 2*z = 5*f + 6, 3*z - y*z = -4*f. Let x(m) = m**3 + m**2 - 3*m - 1. Give x(z).
1
Let u(z) = z + 4*z - 4*z + 0*z - 2*z. Determine u(-3).
3
Suppose -m = -4*k + 3*m + 76, 0 = 5*m + 15. Suppose 2 = 3*j - k. Let s(l) be the second derivative of l**5/20 - l**4/2 - l**3/6 + 5*l**2/2 - 3*l. Give s(j).
-1
Let t be (2 + 3/(-2))*558/31. Let v(c) = -c**2 + 7*c + 5. Give v(t).
-13
Let k(m) = 22 - 2*m**3 + 3*m**3 - m - 15*m**2 - 11. Let o be k(15). Let j(u) = -4*u - 2. Determine j(o).
14
Let s(j) = 3*j + 1. Let y be s(3). Let b = -3 + y. Let f(d) = -157 - d - 169 + 332. Determine f(b).
-1
Let i(z) = z**3 - 10*z**2 - 13*z + 11. Let t be (-20)/(-50)*27 + (-1)/(-5). What is i(t)?
-11
Let k(a) = a**2 + 6*a - 5. Let g(u) = -3 + 2*u**3 + 9 + 2*u**2 - 2*u - 5. Let m be g(1). Suppose i = -m*i - 24. Determine k(i).
-5
Suppose 5 = -3*j + 4*y, 3*j - 7*j = -y + 11. Let i(n) = 2*n - 1. What is i(j)?
-7
Let v = -51 + 57. Suppose 4 = -v*z - 2. Let k(f) = -f**3 - 2*f**2 - f. Calculate k(z).
0
Let u(q) be the third derivative of q**5/120 + q**4/8 - 11*q**3/6 + 29*q**2. Let j